9, what is 17185113 + -3?
17185110
In base 8, what is -236 - -62?
-154
In base 16, what is 6f + 13?
82
In base 7, what is -13 + -35051?
-35064
In base 3, what is -11212 - -111021?
22102
In base 4, what is -1103113222 - 3?
-1103113231
In base 13, what is -7 + 1715b7?
1715b0
In base 5, what is 3 - -1130240?
1130243
In base 8, what is 3 + 4171567?
4171572
In base 10, what is -19 - 76976?
-76995
In base 4, what is 120113 - 2?
120111
In base 11, what is -130 - a1?
-221
In base 14, what is 1a9 + 79?
244
In base 16, what is -1a - 1fc?
-216
In base 11, what is 4608a + -10?
4607a
In base 16, what is -6a037 - 5?
-6a03c
In base 14, what is 96492 + 3?
96495
In base 12, what is 149a + -124?
1376
In base 9, what is -686 - -7255?
6458
In base 12, what is -a453 - -4?
-a44b
In base 3, what is 21111120 + 12212?
21201102
In base 15, what is -d9d + 37?
-d66
In base 4, what is -11 + 30332101?
30332030
In base 10, what is 1 - 3154?
-3153
In base 10, what is 595 - -208?
803
In base 12, what is -3a + -202?
-240
In base 10, what is 1 + -123002?
-123001
In base 4, what is -33 - 33000?
-33033
In base 8, what is -2464 - 1?
-2465
In base 13, what is b - 69b?
-690
In base 13, what is -284 + 246?
-3b
In base 2, what is 1010000101101110 - 110?
1010000101101000
In base 11, what is 3123 + 2?
3125
In base 12, what is 89a5 + -18?
8989
In base 11, what is -10609 - 183?
-10791
In base 9, what is 174301 + -3?
174287
In base 3, what is -1011 + 20020221?
20012210
In base 2, what is 1010 - 1011101010110?
-1011101001100
In base 10, what is 7 + 270?
277
In base 6, what is 2115235 - 105?
2115130
In base 11, what is 1 + 508578?
508579
In base 10, what is 5 + 945735?
945740
In base 6, what is -3 - 23213505?
-23213512
In base 13, what is -2a2bc8 - -4?
-2a2bc4
In base 2, what is 101000001100 + -1000100?
100111001000
In base 5, what is 14442 - 20103?
-111
In base 15, what is 1d - 4836?
-4818
In base 12, what is 17a + 105?
283
In base 4, what is -1200331 + -200?
-1201131
In base 5, what is -422 + -220121?
-221043
In base 7, what is 5 - 3124642?
-3124634
In base 9, what is 6 + 466885?
467002
In base 13, what is -2 + -13a24?
-13a26
In base 8, what is -44 - 1356?
-1422
In base 6, what is 40001 + 4125?
44130
In base 11, what is -2a1 - 3337?
-3628
In base 4, what is 132 + -111101?
-110303
In base 11, what is -a44 + -337?
-1280
In base 9, what is 4 - 15870?
-15865
In base 11, what is -5a + -1444?
-14a3
In base 9, what is -4 - 248615?
-248620
In base 9, what is -27 - 1231?
-1258
In base 13, what is 1380 + 1c6?
1576
In base 13, what is -ca - -21?
-a9
In base 3, what is 1211200 + 100?
1212000
In base 4, what is -10 + 32321112?
32321102
In base 16, what is 1800b7 + -2?
1800b5
In base 7, what is 115 - -6223?
6341
In base 4, what is -2 + -20130112?
-20130120
In base 11, what is 288 + 3647?
3924
In base 6, what is 405 - -13515?
14324
In base 10, what is -246 + -867?
-1113
In base 7, what is 105 + 1342?
1450
In base 14, what is -5a7 - 2b?
-5d4
In base 8, what is 261145 + 5?
261152
In base 12, what is -104 - -298a?
2886
In base 8, what is -47 + -270?
-337
In base 7, what is 4 + -25140?
-25133
In base 7, what is 46 + -20104?
-20025
In base 8, what is 20 - 1646750?
-1646730
In base 9, what is 13714400 - -1?
13714401
In base 4, what is -11 - -120310122?
120310111
In base 4, what is 3 - 321211321?
-321211312
In base 6, what is -314 + -15401?
-20115
In base 7, what is -34002 - -3?
-33666
In base 5, what is -3040 - -1232?
-1303
In base 16, what is -59 - -8d2?
879
In base 11, what is -12315 - -14?
-12301
In base 13, what is 0 - 3509c?
-3509c
In base 10, what is 9131 - 174?
8957
In base 5, what is 112043123 + 2?
112043130
In base 11, what is -28 - 649?
-676
In base 2, what is 100 - -101101010110111?
101101010111011
In base 7, what is -4 + -2143423?
-2143430
In base 4, what is 113000200 - -11?
113000211
In base 15, what is 3 + 8374?
8377
In base 16, what is 39 + -55b?
-522
In base 3, what is 2121 - 0?
2121
In base 10, what is -3163 - 675?
-3838
In base 9, what is -86 - 551?
-647
In base 14, what is 1dd1c - 5?
1dd17
In base 11, what is 1 + 23605a?
236060
In base 15, what is 3c57b - -6?
3c582
In base 14, what is -18 + -a27?
-a41
In base 14, what is -b9 - -1b?
-9c
In base 5, what is 1 + 2212?
2213
In base 16, what is 25ca2 + 2?
25ca4
In base 10, what is -157 + -8211?
-8368
In base 9, what is -3564 - 13?
-3577
In base 5, what is -22 - 11220344?
-11220421
In base 7, what is 233144 + -146?
232665
In base 6, what is -441353 - 4?
-441401
In base 6, what is -402411 - 1?
-402412
In base 9, what is 581 - 411?
170
In base 6, what is 2313 - -33?
2350
In base 14, what is -1c0c2c + -4?
-1c0c32
In base 4, what is -2230131 - 323?
-2231120
In base 5, what is -1 - 243024?
-243030
In base 2, what is -10000101101100 - 10100101?
-10001000010001
In base 13, what is 12bc7 - -19?
12c13
In base 4, what is -23 + -2112120?
-2112203
In base 14, what is -7d + 1b01?
1a62
In base 15, what is -9b503 - -4?
-9b4ee
In base 7, what is 14432 - 2?
14430
In base 8, what is -12 - -55152?
55140
In base 4, what is 1 - -21132220?
21132221
In base 9, what is -85 - 1548?
-1644
In base 13, what is -80c - 3?
-812
In base 10, what is 43 - 45?
-2
In base 14, what is 322a8 - -9?
322b3
In base 13, what is 90 + 31cb?
328b
In base 12, what is -150ab + 8?
-150a3
In base 6, what is 1 + 44435351?
44435352
In base 12, what is -14879 + 2?
-14877
In base 8, what is 4 - -5135?
5141
In base 3, what is -220220020 + -12?
-220220102
In base 10, what is 1451 - 106?
1345
In base 7, what is -6312 + -33?
-6345
In base 13, what is 283002 - 0?
283002
In base 10, what is -10877 + -4?
-10881
In base 3, what is 10 + -120000022?
-120000012
In base 7, what is -2 - -1202002?
1202000
In base 11, what is -a6322 + 4?
-a6319
In base 14, what is 12 + -67a03?
-679d1
In base 14, what is 24677 - -2?
24679
In base 3, what is -2 + 1111220?
1111211
In base 5, what is -13433 - -144?
-13234
In base 16, what is 16ec6 + 0?
16ec6
In base 3, what is -20 + 222010012?
222002222
In base 6, what is 224 + 22222?
22450
In base 3, what is 200 - 1102211?
-1102011
In base 11, what is -3 - -114663?
114660
In base 9, what is 147 + -1583?
-1435
In base 5, what is 3044 - -302?
3401
In base 6, what is 5 + -104342?
-104333
In base 15, what is -1 + -1ba90?
-1ba91
In base 7, what is -3604 + -1462?
-5366
In base 15, what is -73 - 171?
-1e4
In base 9, what is -2 + 12273?
12271
In base 14, what is -148b + -17?
-14a4
In base 16, what is -25 - 9ed2?
-9ef7
In base 2, what is 100101110110 - -100010110?
101010001100
In base 9, what is 20 + 10111?
10131
In base 9, what is 2 - -188510?
188512
In base 2, what is -100 + -111010100111111?
-111010101000011
In base 8, what is 622 - -1666?
2510
In base 4, what is 122000 + 202?
122202
In base 3, what is -2112122010 + -2?
-2112122012
In base 5, what is -10210404 + -13?
-10210422
In base 2, what is 1110110010100011 - -10?
1110110010100101
In base 3, what is -11 - -11110100?
11110012
In base 11, what is 8 - 68?
-60
In base 5, what is -41 - 1040232?
-1040323
In base 3, what is 202222111001 - -2?
202222111010
In base 7, what is 62 + 6322?
6414
In base 8, what is 2 - -502535?
502537
In base 5, what is 2033021142 + -3?
2033021134
In base 7, what is 236 + -102?
134
In base 3, what is 110012 + -10100?
22212
In base 2, what is -11110011111 + -1000?
-11110100111
In base 9, what is 321 - -370?
701
In base 4, what is 22 + 1222020?
1222102
In base 3, what is -2 + -1202221220202?
-1202221220211
In base 7, what is -345531 + 14?
-345514
In base 9, what is 1004 + -1685?
-681
In base 6, what is 124 + 3113212?
3113340
In base 16, what is 3 + 661c6?
661c9
In base 15, what is -1e + -3b?
-5a
In base 8, what is 21 + 5615?
5636
In base 12, what is 806 + -b44?
-33a
In base 13, what is 68 - 2490?
-2425
In base 13, what is 4c5302 + 3?
4c5305
In base 11, what is 74 + 25?
99
In base 13, what is 5 - 208022?
-20801a
In base 10, what is -1 - 136427?
-136428
In base 12, what is -13 + -975a?
-9771
In base 8, what is -763 + 652?
-111
In base 16, what is 16 + -10e?
-f8
In base 3, what is 202 - 21221?
-21012
In base 7, what is 30 - -406032?
406062
In base 9, what is -362 - 208?
-571
In base 11, what is 2a7 - 140?
167
In base 3, what is 110110220 + 12?
110111002
In base 2, what is 101110111000110001 + -11?
101110111000101110
